 - u*(-1810)/(-195) is divided by i(-6).
4
Suppose 0 = -j + 24 - 90. Let p be (-416)/39*j/8. Let d = -60 + p. Calculate the remainder when d is divided by 18.
10
Let a = -1566 + 1600. What is the remainder when 355 is divided by a?
15
Let f = 685 + -405. Let b = 352 - f. Calculate the remainder when b is divided by 16.
8
Let p = -849 - -1070. What is the remainder when p is divided by 56?
53
Let u be (-33)/(-12)*(-1 - -5). Suppose 195 + 37 = 8*g. Calculate the remainder when g is divided by 8/(-3 - u/(-3)).
5
Let m = 26 - -4. Suppose -m = -3*r + 9. Suppose 3*f = b + 105, 9 = -15*b + 18*b. Calculate the remainder when f is divided by r.
10
Suppose -5*v + 2*v = -2*d - 374, -15 = -3*d. Suppose -153*n + 6*n + 8564 = 2096. Calculate the remainder when v is divided by n.
40
Let x(s) = -s**3 - 40*s**2 + 20. Let m be x(-40). Suppose a + 142 = 5*v, 0 = -v + 3*a - 0*a + m. What is the remainder when 56 is divided by v?
27
Let l = -374 + 103. Let b = -164 - l. Suppose -5*m = 4*p - 129, -5*p - 2*m = -0*m - 174. What is the remainder when b is divided by p?
35
Let y(c) = 2*c**3 - 11*c**2 - c + 58. What is the remainder when 740 is divided by y(8)?
0
Suppose j + 5*m + 31 = 0, 4*j + 16*m = 19*m - 55. Calculate the remainder when 203 is divided by (-674)/j - (5 + (-585)/120).
35
Let f = 58 - 20. Suppose 32*w + 402 = f*w. What is the remainder when w is divided by 36?
31
Suppose -3*y + 2*g + 55 = -309, -y - 3*g = -136. Calculate the remainder when y is divided by 116.
8
Suppose 3*c + 12235 - 973 = 2*m, 0 = 3*m + 4*c - 16876. Suppose -17*n + 38*n - m = 0. What is the remainder when n is divided by 16?
12
Let i = 34 - 63. Suppose -490 = -2*m + 2*c, 0*m - 463 = -2*m - 7*c. Let f = i + m. Calculate the remainder when f is divided by 36.
33
Let m = 210080 + -108440. Calculate the remainder when (-2)/(-26) + m/91 is divided by 80.
77
Suppose 4*h - 3*h - 321 = 0. Suppose 81*s + 9756 - 2484 = 184*s - 31*s. Calculate the remainder when h is divided by s.
18
Let l = -13924 - -13929. What is the remainder when 3501 is divided by l?
1
Suppose -5*s = 6*s - 2*s. Let f = 21 + 62. Suppose -o + f + 1 = s. What is the remainder when o is divided by 17?
16
Let p(d) = 188*d - 158. Let v be p(4). Suppose -v = -13*l + 238. What is the remainder when l is divided by 24?
16
Let r = 174 - 141. Let x = -31 + r. Calculate the remainder when 24 is divided by x.
0
Suppose x = -3*h + 31, 2*x = -4*h + 47 + 25. Calculate the remainder when x is divided by 190311/11169 + (-4)/102.
12
Suppose 0 = -4*h + 4*q - 28 + 12, 5*h + 3*q = 20. Calculate the remainder when 154 is divided by h.
0
Suppose 4*s = 4*x - 34 + 310, 114 = -2*x - 4*s. What is the remainder when 70 is divided by (222/555)/(((-1)/x)/1)?
18
Suppose -2*k + 9 = 2*q - 249, -2*k = -3*q + 407. What is the remainder when q + 0 + 7 + 1 + -4 is divided by 28?
25
Suppose 133*o - 147*o = -150*o + 2312. Let k = 103 - 53. What is the remainder when k is divided by o?
16
Let w = -15984 + 15993. Suppose 2*x - 9 + 3 = 0. What is the remainder when w is divided by 2/x + 30/9?
1
Let o(h) = -h**2 + 76*h + 1057. Let w be o(-12). Suppose 6*r - 5*r + 3 = 0. Calculate the remainder when 87 is divided by (-18 - w - (r + -1))*-1.
12
Let w(h) = h**3 - 4*h**2 - 2*h + 2. Let s = -332881 - -333126. What is the remainder when s is divided by w(6)?
59
Let k = 27683 + -27472. What is the remainder when k is divided by 65?
16
Let r be (1 - (-1)/(-4))/((-540)/(-1440)). Let s(k) = 10*k**2 - 13*k + 5. What is the remainder when 321 is divided by s(r)?
17
Suppose -4*m - 5*y = -8*y - 73, 5*m - 86 = 2*y. Suppose 90 = 26*h - m*h. What is the remainder when 22 is divided by h?
4
Suppose -4*g + 130 = 30. What is the remainder when 10*(1 + g/10) is divided by 23?
12
Let u(j) = -j**3 - 29*j**2 - 68*j - 63. Calculate the remainder when u(-27) is divided by 4.
3
Let s(y) = -y**3 - 6*y**2 + 14*y + 8. What is the remainder when s(-9) is divided by (-24)/(-18)*-3 - (-18 - 0)?
13
Let u(b) = 2*b**3 - 19*b**2 + 57*b - 39. Let l = -281 - -399. Calculate the remainder when l is divided by u(5).
13
Let q(u) = 0 - u + 4 + 0 + 4. Let d be q(13). Calculate the remainder when 49 is divided by (36/8 + d)*(2 - 36).
15
Let k(j) = 309*j + 3379. Calculate the remainder when k(-9) is divided by 124.
102
Suppose 65 = 3*u - r, -2*u + 4*r + 70 - 40 = 0. Calculate the remainder when 5517 is divided by u.
20
Suppose 5*b - 938 - 160 = -2*d, b + 5*d = 238. What is the remainder when b is divided by 73?
72
Let f be (4/3)/((-1)/(-33)). Suppose -f*q = -41*q - 444. Let l = 91 + -40. Calculate the remainder when q is divided by l.
46
Let x(j) = 9*j + 1. What is the remainder when (-13140)/(-81) + (52/12 + -3)/(-6) is divided by x(6)?
52
Let l(y) = -2*y**3 - 4*y**2 + 8*y + 3. Let j(d) = -d + 19. Let f be j(24). Let o be l(f). Let x = o + -103. What is the remainder when x is divided by 7?
3
Calculate the remainder when 5048 is divided by (-496544)/(-1770) + 1/3 - (-2)/15.
271
Suppose 3*s - 3*z + 29 = 7*s, 12 = 2*s + 4*z. Suppose 0 = -s*k - 10*k + 378. Calculate the remainder when 334 is divided by k.
19
Let x(h) = 6*h**2 - 15*h. Suppose 0*a - 3*p - 3 = -5*a, -a = -3*p + 9. Calculate the remainder when (a - 11)/((-2)/35) is divided by x(4).
32
Let v(s) = 21*s + 16. Let x be v(7). Let o = -95 + x. Let c = 578 - 564. What is the remainder when o is divided by c?
12
What is the remainder when ((-2820)/658)/(2/(-350)) is divided by 68?
2
What is the remainder when 635 is divided by (-690)/(-60) + -2 + 3/2?
8
Suppose 0 = -10*w + 7*w - 9, -5*f + 5*w + 35 = 0. Suppose -f*d - 176 = -56. Let g = d - -61. Calculate the remainder when g is divided by 8.
7
Let i be 34/(-14) - (-4)/(-7). Let l be (i - -4)/(-1)*9. Calculate the remainder when 19 is divided by (-76)/(-18) - (-2)/l.
3
Suppose -4*a + 3*b + 0 = -9, -2*b + 2 = 0. Suppose a*m - 333 = -126. Let y = -42 + m. Calculate the remainder when y is divided by 14.
13
Let d = -13352 + 14624. What is the remainder when d is divided by 14?
12
Let j(a) = -a**3 - 3*a**2 - 21*a - 6. What is the remainder when j(-3) is divided by 22?
13
Let s = 1221 + -838. Calculate the remainder when s is divided by 12.
11
Let p(j) be the first derivative of j**4/4 + 2*j**3/3 - 5*j**2 - 9*j + 110. Calculate the remainder when 141 is divided by p(-3).
9
Suppose 3*w - 241 = -x, 6*x - 156 = -2*w + 3*x. Let q = -7634 + 7738. Let n = q - w. What is the remainder when 88 is divided by n?
19
Suppose 2553*w - 2541*w = 73548. What is the remainder when w is divided by 7?
4
Suppose -5*p + 260 = -r, -r - 5 = -p + 47. What is the remainder when 157 is divided by p/(-91) + 60/7?
5
Let f = -1835 + 2191. Calculate the remainder when f is divided by 52.
44
Calculate the remainder when 395 is divided by -4*(-6)/(-28) - (-4575)/21.
178
Suppose 420 = -17*s + 38*s. Calculate the remainder when 29 is divided by 9 - s/(-15) - (-2)/3.
7
Suppose -5*r + 64*g = 59*g - 115, 5*g = 7*r - 141. Calculate the remainder when r is divided by 2*4 - (-1 + 0).
4
Let h(x) = x**3 - 9*x**2 - 9*x + 19. Let j be h(9). Let a = j - -140. Calculate the remainder when a is divided by 7.
1
Let w(z) = 264*z**2 + 61*z + 61. What is the remainder when 566 is divided by w(-1)?
38
Suppose j = -2*k - 46, 2*j + 2*j + 3*k = -209. Calculate the remainder when (5250/j)/((-3)/8) is divided by 51.
46
Let r(d) be the first derivative of -d**4/2 + 43*d**3/3 + 12*d**2 - 26*d - 146. Calculate the remainder when r(22) is divided by 11.
7
Suppose -21 - 87 = -12*a. Suppose 2*l + a = 23. Suppose 0 = -2*u - y + 66, -4*u + y + 132 = -4*y. Calculate the remainder when u is divided by l.
5
Let l(c) = 12*c**2 - 2*c + 26. Let u(h) = -14*h**2 + 3*h - 26. Let w(o) = 4*l(o) + 3*u(o). Calculate the remainder when w(8) is divided by 42.
40
Let w = -13466 - -14963. What is the remainder when w is divided by 15?
12
Let f(h) = -h**2 + 9*h + 146. Let m be f(0). Let k = m + -129. What is the remainder when 43 is divided by k?
9
Let k(v) = 33*v + 313. Calculate the remainder when 678 is divided by k(-8).
41
Let s = 2062 + 3279. Suppose 919 - s = -6*u. Calculate the remainder when u is divided by 74.
71
Suppose -2*a = 5*d + 18, 2*a - 15 = -3*d - 37. Let f = 22 + a. Let o(m) = -m**3 + 9*m**2 - 3*m - 10. What is the remainder when 59 is divided by o(f)?
29
What is the remai